 0*w + u*w = 429. Calculate the highest common divisor of w and 13.
13
Suppose -145*w - 336 = -149*w. Let g = w + -60. Suppose 0 = -2*o - 0 + g. What is the highest common divisor of 48 and o?
12
Suppose -21 = -q - 3*t, t + 181 = 2*q + 97. Calculate the highest common divisor of q and 123.
3
Suppose -5*s = -0*s - 220. Let j be 730/22 + (8/(-44) - 0). Let u = 209 - j. Calculate the highest common factor of s and u.
44
Let g = 246 - 137. Let t = g + 1. What is the greatest common factor of t and 10?
10
Let f(u) = -u**3 + u**2 - u + 1. Let k be f(1). Suppose k*o + 62 = 2*g + 2*o, 0 = 2*g - o - 74. Calculate the highest common divisor of g and 280.
35
Let q(a) = -12 - 10*a**2 + 3*a**2 + 2*a**3 + 36 - 2*a**2 - 16*a. Let b be q(6). Calculate the highest common divisor of 396 and b.
36
Let d(u) = 12*u - 108. Let o be d(15). Let m be (117/6)/(4/8). Suppose -40*n = -m*n - 8. Calculate the highest common factor of n and o.
8
Suppose -8*v + 0*v = 168. Let g be 110/6 + v/63. Let q = g - 10. Calculate the greatest common factor of 24 and q.
8
Let t(a) = -328*a - 2282. Let g be t(-7). Calculate the highest common divisor of 386 and g.
2
Suppose 4*w - 3 = 13. Suppose 17 = -39*u + 51*u - 43. Suppose 0 = 3*d + u*y - 23, -w*d - 3*y + 29 = 13. What is the highest common divisor of 11 and d?
1
Let w(y) = -4*y**3 + 11*y**2 + 15*y + 25. Let i be w(-5). Calculate the highest common factor of 2610 and i.
145
Suppose 2*k - 24*k + 10582 = 0. Suppose -36 - k = -47*i. What is the greatest common divisor of i and 55?
11
Let a = 99 - 59. Let l = a - -144. Suppose 2*w + 25 = i, -i + 45 = i + w. Calculate the greatest common factor of i and l.
23
Let o be (-2 - (-15)/9)/((-20)/(-240)). Let q be -7 + (-825)/(-9) + o/6. Calculate the highest common factor of 72 and q.
12
Suppose -540 = -3*y + 3*n, 0*y - n = 2*y - 372. Calculate the greatest common divisor of 3266 and y.
46
Suppose -65*t - 4060 = -67*t. Calculate the greatest common factor of 140 and t.
70
Let w = 2429 - 1575. Calculate the highest common divisor of 42 and w.
14
Suppose -5*w + 2588 = 4*r, 3*r - w = -2*w + 1941. Suppose 59 = -7*g + r. Calculate the greatest common factor of 21 and g.
21
Let j be 168/(-48)*(-40)/7 + 1. Calculate the highest common factor of 357 and j.
21
Let p(r) = 3*r - 6032 + 6497 - 22*r. Let n be p(15). What is the highest common divisor of n and 108?
36
Let t = -18 + 32. Suppose 5*f = -3*v - 1 + 27, 0 = -3*v + 3*f - 6. Let y be 54 - (3 + (-2)/v + -4). Calculate the greatest common factor of t and y.
14
Suppose 3*v - 6*v - 3459 = -4*n, 5*n + v - 4357 = 0. What is the highest common factor of n and 285?
15
Let z be (68/22)/((-58)/(-957)). Suppose 0 = -5*v - 9 + 24. What is the highest common factor of v and z?
3
Suppose -97*a = -81*a - 848. Suppose 22*b - 229 = -a. Calculate the greatest common factor of 248 and b.
8
Let p be -213*36*3/(-12). Calculate the highest common divisor of p and 284.
71
Let g = -6551 - -6630. Calculate the greatest common divisor of 9717 and g.
79
Let d = 4478 - 4428. Calculate the highest common factor of 2425 and d.
25
Suppose -4*t = 2*f - 2182, 0 = -3*f + 18 - 9. Suppose -588*r = -584*r - t. Calculate the greatest common divisor of r and 34.
34
Let r be 522/7 + (-72)/28 + 3. Let p = 93 - r. Let u = 12 - 9. What is the greatest common factor of p and u?
3
Suppose -180 + 57 = -k. Let p = 98 - k. Let r be ((-8)/2 + 3)*p + 3. Calculate the greatest common divisor of r and 28.
28
Suppose 478 = 3*r - 71. Suppose -5*m + r = -37. What is the greatest common factor of m and 22?
22
Suppose 17 = -6*l + 9*l - r, -4*l - 3*r = -14. Suppose -l*i + 102 = 4*v, 3*v + 0*i = 2*i + 88. Calculate the highest common divisor of 21 and v.
7
Let c = -20310 - -21687. Calculate the highest common divisor of c and 108.
27
Suppose 11*f - 19 - 3 = 0. Let j be (-72)/8*(-1)/(-3 + f). Let s be (-87)/j - (-2)/(-3). Calculate the greatest common divisor of 9 and s.
9
Let w = -34 + 34. Suppose 4*o - 4 = w, 3*f + 0*o = 2*o + 10. Suppose 4*u - 6 = p + 3, -54 = -f*p - 2*u. What is the highest common factor of p and 11?
11
Suppose -126*q + 54094 - 6706 = -115*q. Calculate the highest common divisor of 12 and q.
12
Suppose -2*a + 30322 = 4*f, 5*f - 4*f = -5*a + 75760. What is the greatest common divisor of a and 109?
109
Let a be 25 - (-17 + 23 + (-24)/3). What is the greatest common divisor of a and 66?
3
Let c = 5197 + -5133. Calculate the highest common factor of c and 40.
8
Let u be (2 + 121)*140/(-15). Let b = u + 1631. What is the highest common factor of 42 and b?
21
Suppose 0 = 4*i - 5*j - 3705, 17*j + 9 = 20*j. What is the highest common factor of i and 651?
93
Suppose 0 = 4*u - 31 + 7. Let k(c) = 19*c - 33. Suppose -l - 5*n + 0*n - 22 = 0, 4*n + 35 = 5*l. Let j be k(l). What is the greatest common factor of u and j?
6
Let g be -26*1/(4/(-6)). Let o(z) = 6*z + z - 5*z + 2 - 1. Let t be o(6). Calculate the highest common factor of g and t.
13
Suppose 10*q - 2*q + 216 = 0. Let m = 72 + q. Let k = m - 38. What is the highest common divisor of k and 7?
7
Let s(p) = -p**3 + 3*p**2 + 12*p + 4. Let d be s(-2). Suppose d*x + 6*x = 132. Calculate the greatest common divisor of 66 and x.
22
Let k(s) = -23 - 24*s + 2*s**2 + 27*s - s**2 + 0*s**2. Let z be k(0). Let o = -14 - z. What is the greatest common divisor of o and 81?
9
Let m = 10820 + -10715. Suppose x + 4*x = 450. Calculate the highest common factor of m and x.
15
Suppose -4*i = -14*b + 16*b - 22310, 4*b + 16727 = 3*i. Calculate the greatest common divisor of i and 33.
33
Let a = -8 - 0. Let h(t) = -2*t**3 - 15*t**2 + 2*t - 28. Let i be h(a). Calculate the greatest common factor of i and 5.
5
Let n(c) = -10*c - 385. Let i be n(-40). Let t be i/9*39*6/10. Let x be 1/(-3) - 20/(-6). Calculate the greatest common factor of x and t.
3
Suppose 0 = 10*t - 3887 + 827. Calculate the greatest common divisor of t and 170.
34
Suppose -9*q - 33 = -195. Suppose 176 = -16*w + q*w. Calculate the greatest common factor of w and 8.
8
Let y = -1752 - -1840. What is the greatest common factor of 3212 and y?
44
Let f = 73378 - 73366. Let b = 379 - 193. What is the greatest common divisor of b and f?
6
Let m(b) = 15*b**2. Let g be m(-1). Suppose -g*s + 5 = -10*s. Let t = s - -11. What is the greatest common divisor of t and 60?
12
Suppose 2*c + 9 - 119 = 3*n, c - 195 = 5*n. Let t = n + 64. Calculate the highest common divisor of 216 and t.
24
Let c(u) = -4*u**3 - 5*u**2 - 63*u - 353. Let g be c(-5). Calculate the highest common divisor of 2 and g.
1
Suppose 2*l = 963*f - 964*f + 86, -5*l + 5*f + 230 = 0. Let j = -9 + 20. Let z = 15 - j. What is the highest common factor of z and l?
4
Let w(p) = 2*p**2 - 34*p - 20. Let o be w(17). Let x be (34 + -43)*o/6. Suppose 14*j - 17*j = -x. Calculate the highest common divisor of j and 180.
10
Suppose -4*s - 3*i = -84, -5*s - 4*i + 104 = -0*s. Let a(f) = 2*f + 48. Let u be a(18). What is the greatest common factor of s and u?
12
Let c = -9420 - -9504. What is the highest common divisor of c and 161?
7
Suppose 36*n + 60 = 41*n. Suppose x + 3*c = -x + 55, 3*x = -2*c + 80. Let b = x + 82. Calculate the greatest common divisor of b and n.
12
Let a = 42008 + -39425. What is the greatest common factor of a and 492?
123
Let n = 70 + -73. Let f be (-8)/n*666/12. Let j = -106 + f. What is the highest common factor of j and 168?
42
Suppose -26*l - 12191 = 8947. Let f = l + 843. Calculate the greatest common divisor of 33 and f.
3
Let i be (30 - 1) + -5 + (-4 - -4). Let c be ((-165)/9)/(i/(-72)). Calculate the greatest common factor of 715 and c.
55
Suppose 0 = 2*d + 2, 0 = 2*b + d - 3. Suppose -27 = -o + x, -4*x - 32 = -o - b*x. Let p be 796/o + (-10)/55. Calculate the greatest common divisor of p and 12.
12
Let a(s) = 2*s**2 - 5*s. Suppose 3*g = -3*g + 30. Suppose -57*w = -58*w - g. Let r be a(w). What is the highest common divisor of r and 30?
15
Let i(f) = 5*f**2 - 63*f - 27. Let p be i(13). Let j be 1 + p + 11 + 3 + -2. Calculate the greatest common divisor of j and 624.
12
Let o = 15832 + -15811. Suppose 5*s = -w + 3*w - 102, 2 = s. What is the highest common divisor of w and o?
7
Suppose 2*a = -4*b + 76, 0 = -b + 3*a + 803 - 763. Let o(g) = 57*g - 3. Let t be o(7). What is the highest common divisor of b and t?
22
Suppose 131513*f